{"id":138,"date":"2021-02-28T18:35:23","date_gmt":"2021-02-28T17:35:23","guid":{"rendered":"http:\/\/papeterie-perjac.com\/?page_id=138"},"modified":"2026-03-17T17:14:11","modified_gmt":"2026-03-17T16:14:11","slug":"papeterie","status":"publish","type":"page","link":"https:\/\/papeterie-perjac.com\/index.php\/papeterie\/","title":{"rendered":"Papeterie"},"content":{"rendered":"\t\t<div data-elementor-type=\"wp-page\" data-elementor-id=\"138\" class=\"elementor elementor-138\">\n\t\t\t\t\t\t<section class=\"elementor-section elementor-top-section elementor-element elementor-element-005d8a6 elementor-section-boxed elementor-section-height-default elementor-section-height-default\" data-id=\"005d8a6\" data-element_type=\"section\" data-e-type=\"section\">\n\t\t\t\t\t\t<div class=\"elementor-container elementor-column-gap-default\">\n\t\t\t\t\t<div class=\"elementor-column elementor-col-100 elementor-top-column elementor-element elementor-element-452a361\" data-id=\"452a361\" data-element_type=\"column\" data-e-type=\"column\">\n\t\t\t<div class=\"elementor-widget-wrap elementor-element-populated\">\n\t\t\t\t\t\t<div class=\"elementor-element elementor-element-2c0c243 elementor-widget elementor-widget-heading\" data-id=\"2c0c243\" data-element_type=\"widget\" data-e-type=\"widget\" data-widget_type=\"heading.default\">\n\t\t\t\t<div class=\"elementor-widget-container\">\n\t\t\t\t\t<h5 class=\"elementor-heading-title elementor-size-default\">Retrouvez tout le plaisir de la papeterie \u00e0 travers une s\u00e9lections d\u2019articles beaux, justes et durables.<\/h5>\t\t\t\t<\/div>\n\t\t\t\t<\/div>\n\t\t\t\t\t<\/div>\n\t\t<\/div>\n\t\t\t\t\t<\/div>\n\t\t<\/section>\n\t\t\t\t<section class=\"elementor-section elementor-top-section elementor-element elementor-element-3a72cda elementor-section-boxed elementor-section-height-default elementor-section-height-default\" data-id=\"3a72cda\" data-element_type=\"section\" data-e-type=\"section\">\n\t\t\t\t\t\t<div class=\"elementor-container elementor-column-gap-default\">\n\t\t\t\t\t<div class=\"elementor-column elementor-col-100 elementor-top-column elementor-element elementor-element-64d9122\" data-id=\"64d9122\" data-element_type=\"column\" data-e-type=\"column\">\n\t\t\t<div class=\"elementor-widget-wrap elementor-element-populated\">\n\t\t\t\t\t\t<div class=\"elementor-element elementor-element-076b004 elementor-widget-divider--separator-type-pattern elementor-widget-divider--view-line elementor-widget elementor-widget-divider\" data-id=\"076b004\" data-element_type=\"widget\" data-e-type=\"widget\" data-widget_type=\"divider.default\">\n\t\t\t\t<div class=\"elementor-widget-container\">\n\t\t\t\t\t\t\t<div class=\"elementor-divider\" style=\"--divider-pattern-url: url(&quot;data:image\/svg+xml,%3Csvg xmlns=&#039;http:\/\/www.w3.org\/2000\/svg&#039; preserveAspectRatio=&#039;none&#039; overflow=&#039;visible&#039; height=&#039;100%&#039; viewBox=&#039;0 0 24 24&#039; fill=&#039;none&#039; stroke=&#039;black&#039; stroke-width=&#039;1&#039; stroke-linecap=&#039;square&#039; stroke-miterlimit=&#039;10&#039;%3E%3Cpath d=&#039;M0,6c6,0,6,13,12,13S18,6,24,6&#039;\/%3E%3C\/svg%3E&quot;);\">\n\t\t\t<span class=\"elementor-divider-separator\">\n\t\t\t\t\t\t<\/span>\n\t\t<\/div>\n\t\t\t\t\t\t<\/div>\n\t\t\t\t<\/div>\n\t\t\t\t\t<\/div>\n\t\t<\/div>\n\t\t\t\t\t<\/div>\n\t\t<\/section>\n\t\t\t\t<section class=\"elementor-section elementor-top-section elementor-element elementor-element-7e89f33 elementor-section-boxed elementor-section-height-default elementor-section-height-default\" data-id=\"7e89f33\" data-element_type=\"section\" data-e-type=\"section\">\n\t\t\t\t\t\t<div class=\"elementor-container elementor-column-gap-default\">\n\t\t\t\t\t<div class=\"elementor-column elementor-col-50 elementor-top-column elementor-element elementor-element-11a178c\" data-id=\"11a178c\" data-element_type=\"column\" data-e-type=\"column\">\n\t\t\t<div class=\"elementor-widget-wrap elementor-element-populated\">\n\t\t\t\t\t\t<div class=\"elementor-element elementor-element-e40b5ed elementor-widget__width-initial elementor-widget elementor-widget-image\" data-id=\"e40b5ed\" data-element_type=\"widget\" data-e-type=\"widget\" data-widget_type=\"image.default\">\n\t\t\t\t<div class=\"elementor-widget-container\">\n\t\t\t\t\t\t\t\t\t\t\t\t\t\t\t<img fetchpriority=\"high\" decoding=\"async\" width=\"1365\" height=\"2048\" src=\"https:\/\/papeterie-perjac.com\/wp-content\/uploads\/2026\/02\/IMG_1227-1-1365x2048.jpeg\" class=\"attachment-2048x2048 size-2048x2048 wp-image-800\" alt=\"\" srcset=\"https:\/\/papeterie-perjac.com\/wp-content\/uploads\/2026\/02\/IMG_1227-1-1365x2048.jpeg 1365w, https:\/\/papeterie-perjac.com\/wp-content\/uploads\/2026\/02\/IMG_1227-1-200x300.jpeg 200w, https:\/\/papeterie-perjac.com\/wp-content\/uploads\/2026\/02\/IMG_1227-1-683x1024.jpeg 683w, https:\/\/papeterie-perjac.com\/wp-content\/uploads\/2026\/02\/IMG_1227-1-768x1152.jpeg 768w, https:\/\/papeterie-perjac.com\/wp-content\/uploads\/2026\/02\/IMG_1227-1-1024x1536.jpeg 1024w, https:\/\/papeterie-perjac.com\/wp-content\/uploads\/2026\/02\/IMG_1227-1-40x60.jpeg 40w, https:\/\/papeterie-perjac.com\/wp-content\/uploads\/2026\/02\/IMG_1227-1-scaled.jpeg 1706w\" sizes=\"(max-width: 1365px) 100vw, 1365px\" \/>\t\t\t\t\t\t\t\t\t\t\t\t\t\t\t<\/div>\n\t\t\t\t<\/div>\n\t\t\t\t\t<\/div>\n\t\t<\/div>\n\t\t\t\t<div class=\"elementor-column elementor-col-50 elementor-top-column elementor-element elementor-element-d63f4bb\" data-id=\"d63f4bb\" data-element_type=\"column\" data-e-type=\"column\">\n\t\t\t<div class=\"elementor-widget-wrap elementor-element-populated\">\n\t\t\t\t\t\t<div class=\"elementor-element elementor-element-edf4dc8 elementor-widget__width-initial elementor-widget elementor-widget-text-editor\" data-id=\"edf4dc8\" data-element_type=\"widget\" data-e-type=\"widget\" data-widget_type=\"text-editor.default\">\n\t\t\t\t<div class=\"elementor-widget-container\">\n\t\t\t\t\t\t\t\t\t<p>\u00a0<\/p><p style=\"caret-color: #516367; color: #516367; font-family: 'Antic Didone', sans-serif; font-size: 16px; text-align: start;\"><span style=\"-webkit-text-size-adjust: 100%;\">Stylos bille, plume ou roller, nous choisissons avec soin des pi\u00e8ces issues de grandes maisons reconnues telles que :<\/span><\/p><ul><li style=\"caret-color: #516367; color: #516367; font-family: 'Antic Didone', sans-serif; font-size: 16px; text-align: start;\"><strong><em>Caran d\u2019Ache\u00a0<\/em><\/strong><\/li><li style=\"caret-color: #516367; color: #516367; font-family: 'Antic Didone', sans-serif; font-size: 16px; text-align: start;\"><strong><em>Pilot<\/em><\/strong><\/li><li style=\"caret-color: #516367; color: #516367; font-family: 'Antic Didone', sans-serif; font-size: 16px; text-align: start;\"><strong><em>Faber-Castell<\/em><\/strong><\/li><li style=\"caret-color: #516367; color: #516367; font-family: 'Antic Didone', sans-serif; font-size: 16px; text-align: start;\"><strong><em>Graf von Faber-Castell<\/em><\/strong><\/li><li style=\"caret-color: #516367; color: #516367; font-family: 'Antic Didone', sans-serif; font-size: 16px; text-align: start;\"><strong><em>Diplomat<\/em><\/strong><\/li><li style=\"caret-color: #516367; color: #516367; font-family: 'Antic Didone', sans-serif; font-size: 16px; text-align: start;\"><strong><em>Lamy<\/em><\/strong><\/li><\/ul><p style=\"caret-color: #516367; color: #516367; font-family: 'Antic Didone', sans-serif; font-size: 16px; text-align: start;\"><strong><em>\u00a0<\/em><\/strong><\/p><p style=\"caret-color: #516367; color: #516367; font-family: 'Antic Didone', sans-serif; font-size: 16px; text-align: start;\">Mais aussi de cr\u00e9ateurs et artisans au savoir-faire singulier. Notre exigence est simple : vous proposer ce qui se fait de mieux dans l\u2019univers de l\u2019\u00e9criture, du dessin et de l\u2019am\u00e9nagement de bureau.<\/p><p style=\"caret-color: #516367; color: #516367; font-family: 'Antic Didone', sans-serif; font-size: 16px; text-align: start;\"><i>Ici, chaque objet est pens\u00e9 pour durer, \u00e9crire, cr\u00e9er et transmettre.<\/i><\/p><p style=\"caret-color: #516367; color: #516367; font-family: 'Antic Didone', sans-serif; font-size: 16px; text-align: start;\"><i>\u00a0<\/i><\/p><p style=\"caret-color: #516367; color: #516367; font-family: 'Antic Didone', sans-serif; font-size: 16px; text-align: start;\"><strong><em><span style=\"font-family: var( --e-global-typography-text-font-family ), Sans-serif; -webkit-text-size-adjust: 100%;\">\u00c0 la papeterie Perjac, le plaisir et la tradition ne sont pas des options : ils sont essentiels.<\/span><\/em><\/strong><\/p>\t\t\t\t\t\t\t\t<\/div>\n\t\t\t\t<\/div>\n\t\t\t\t\t<\/div>\n\t\t<\/div>\n\t\t\t\t\t<\/div>\n\t\t<\/section>\n\t\t\t\t<section class=\"elementor-section elementor-top-section elementor-element elementor-element-514883b elementor-section-boxed elementor-section-height-default elementor-section-height-default\" data-id=\"514883b\" data-element_type=\"section\" data-e-type=\"section\">\n\t\t\t\t\t\t<div class=\"elementor-container elementor-column-gap-default\">\n\t\t\t\t\t<div class=\"elementor-column elementor-col-50 elementor-top-column elementor-element elementor-element-be25ea1\" data-id=\"be25ea1\" data-element_type=\"column\" data-e-type=\"column\">\n\t\t\t<div class=\"elementor-widget-wrap elementor-element-populated\">\n\t\t\t\t\t\t<div class=\"elementor-element elementor-element-0eef691 elementor-widget__width-initial elementor-widget elementor-widget-text-editor\" data-id=\"0eef691\" data-element_type=\"widget\" data-e-type=\"widget\" data-widget_type=\"text-editor.default\">\n\t\t\t\t<div class=\"elementor-widget-container\">\n\t\t\t\t\t\t\t\t\t<p>\u00a0<\/p><p><span style=\"font-family: var( --e-global-typography-text-font-family ), Sans-serif; -webkit-text-size-adjust: 100%;\">Un carnet, c\u2019est un espace \u00e0 soi. Un lieu pour \u00e9crire, dessiner, r\u00e9fl\u00e9chir, organiser ou simplement laisser courir ses id\u00e9es.<\/span><\/p><p><span style=\"font-family: var( --e-global-typography-text-font-family ), Sans-serif; -webkit-text-size-adjust: 100%;\">\u00a0<\/span><\/p><p>Nous vous proposons une s\u00e9lection riche et vari\u00e9e de carnets, choisis pour la qualit\u00e9 de leur papier, la finesse de leur reliure et le soin apport\u00e9 aux d\u00e9tails. Vous retrouverez des maisons reconnues telles que :\u00a0<\/p><ul><li><em><strong><span style=\"font-family: var( --e-global-typography-text-font-family ), Sans-serif; -webkit-text-size-adjust: 100%;\">Leuchtturm1917<\/span><\/strong><\/em><\/li><li><em><strong><span style=\"font-family: var( --e-global-typography-text-font-family ), Sans-serif; -webkit-text-size-adjust: 100%;\">Castelli<\/span><\/strong><\/em><\/li><li><em><strong><span style=\"font-family: var( --e-global-typography-text-font-family ), Sans-serif; -webkit-text-size-adjust: 100%;\">Clairefontaine<\/span><\/strong><\/em><\/li><li><em><strong><span style=\"font-family: var( --e-global-typography-text-font-family ), Sans-serif; -webkit-text-size-adjust: 100%;\">Hahnem\u00fchle<\/span><\/strong><\/em><\/li><li><em><strong><span style=\"font-family: var( --e-global-typography-text-font-family ), Sans-serif; -webkit-text-size-adjust: 100%;\">Gallimard<\/span><\/strong><\/em><\/li><li><em><strong><span style=\"font-family: var( --e-global-typography-text-font-family ), Sans-serif; -webkit-text-size-adjust: 100%;\">Mark\u2019s<\/span><\/strong><\/em><\/li><li><em><strong><span style=\"font-family: var( --e-global-typography-text-font-family ), Sans-serif; -webkit-text-size-adjust: 100%;\">Paper Republic<\/span><\/strong><\/em><\/li><li><em><strong><span style=\"font-family: var( --e-global-typography-text-font-family ), Sans-serif; -webkit-text-size-adjust: 100%;\">Bleu Coquille<\/span><\/strong><\/em><\/li><\/ul><p><span style=\"font-family: var( --e-global-typography-text-font-family ), Sans-serif; -webkit-text-size-adjust: 100%;\">Ainsi que d\u2019autres belles d\u00e9couvertes.<\/span><\/p><p><span style=\"font-family: var( --e-global-typography-text-font-family ), Sans-serif; -webkit-text-size-adjust: 100%;\">Grand format ou poche, pages blanches, lign\u00e9es ou pointill\u00e9es, couvertures sobres ou color\u00e9es : chaque carnet a son caract\u00e8re.<\/span><\/p>\t\t\t\t\t\t\t\t<\/div>\n\t\t\t\t<\/div>\n\t\t\t\t\t<\/div>\n\t\t<\/div>\n\t\t\t\t<div class=\"elementor-column elementor-col-50 elementor-top-column elementor-element elementor-element-9c41d8a\" data-id=\"9c41d8a\" data-element_type=\"column\" data-e-type=\"column\">\n\t\t\t<div class=\"elementor-widget-wrap elementor-element-populated\">\n\t\t\t\t\t\t<div class=\"elementor-element elementor-element-ef6e8ff elementor-widget__width-initial elementor-widget elementor-widget-image\" data-id=\"ef6e8ff\" data-element_type=\"widget\" data-e-type=\"widget\" data-widget_type=\"image.default\">\n\t\t\t\t<div class=\"elementor-widget-container\">\n\t\t\t\t\t\t\t\t\t\t\t\t\t\t\t<img decoding=\"async\" width=\"683\" height=\"1024\" src=\"https:\/\/papeterie-perjac.com\/wp-content\/uploads\/2026\/02\/DSC08913-683x1024.jpeg\" class=\"attachment-large size-large wp-image-798\" alt=\"\" srcset=\"https:\/\/papeterie-perjac.com\/wp-content\/uploads\/2026\/02\/DSC08913-683x1024.jpeg 683w, https:\/\/papeterie-perjac.com\/wp-content\/uploads\/2026\/02\/DSC08913-200x300.jpeg 200w, https:\/\/papeterie-perjac.com\/wp-content\/uploads\/2026\/02\/DSC08913-768x1152.jpeg 768w, https:\/\/papeterie-perjac.com\/wp-content\/uploads\/2026\/02\/DSC08913-1024x1536.jpeg 1024w, https:\/\/papeterie-perjac.com\/wp-content\/uploads\/2026\/02\/DSC08913-1365x2048.jpeg 1365w, https:\/\/papeterie-perjac.com\/wp-content\/uploads\/2026\/02\/DSC08913-40x60.jpeg 40w, https:\/\/papeterie-perjac.com\/wp-content\/uploads\/2026\/02\/DSC08913-scaled.jpeg 1707w\" sizes=\"(max-width: 683px) 100vw, 683px\" \/>\t\t\t\t\t\t\t\t\t\t\t\t\t\t\t<\/div>\n\t\t\t\t<\/div>\n\t\t\t\t\t<\/div>\n\t\t<\/div>\n\t\t\t\t\t<\/div>\n\t\t<\/section>\n\t\t\t\t<\/div>\n\t\t","protected":false},"excerpt":{"rendered":"<p>Retrouvez tout le plaisir de la papeterie \u00e0 travers une s\u00e9lections d\u2019articles beaux, justes et durables. \u00a0 Stylos bille, plume ou roller, nous choisissons avec soin des pi\u00e8ces issues de grandes maisons reconnues telles que : Caran d\u2019Ache\u00a0 Pilot Faber-Castell Graf von Faber-Castell Diplomat Lamy \u00a0 Mais aussi de cr\u00e9ateurs et artisans au savoir-faire singulier. &hellip; <\/p>\n","protected":false},"author":1,"featured_media":0,"parent":0,"menu_order":0,"comment_status":"closed","ping_status":"closed","template":"","meta":{"footnotes":""},"class_list":["post-138","page","type-page","status-publish","hentry"],"_links":{"self":[{"href":"https:\/\/papeterie-perjac.com\/index.php\/wp-json\/wp\/v2\/pages\/138","targetHints":{"allow":["GET"]}}],"collection":[{"href":"https:\/\/papeterie-perjac.com\/index.php\/wp-json\/wp\/v2\/pages"}],"about":[{"href":"https:\/\/papeterie-perjac.com\/index.php\/wp-json\/wp\/v2\/types\/page"}],"author":[{"embeddable":true,"href":"https:\/\/papeterie-perjac.com\/index.php\/wp-json\/wp\/v2\/users\/1"}],"replies":[{"embeddable":true,"href":"https:\/\/papeterie-perjac.com\/index.php\/wp-json\/wp\/v2\/comments?post=138"}],"version-history":[{"count":67,"href":"https:\/\/papeterie-perjac.com\/index.php\/wp-json\/wp\/v2\/pages\/138\/revisions"}],"predecessor-version":[{"id":1013,"href":"https:\/\/papeterie-perjac.com\/index.php\/wp-json\/wp\/v2\/pages\/138\/revisions\/1013"}],"wp:attachment":[{"href":"https:\/\/papeterie-perjac.com\/index.php\/wp-json\/wp\/v2\/media?parent=138"}],"curies":[{"name":"wp","href":"https:\/\/api.w.org\/{rel}","templated":true}]}}